 4 + 2*i - 9*i. Let p(y) = 7*d(y) + 5*n(y). Calculate p(-1).
0
Let r be (-2)/(-14) - 39/(-21). Let q(u) = u**2 + 2*u**r + 0*u**3 - u**3 + 1 + 1. Calculate q(3).
2
Let u be (-52)/(-24) + 1/(-6). Let x(z) be the third derivative of -z**6/120 + z**4/8 - z**3/2 - z**2. Give x(u).
-5
Let l(h) be the second derivative of -3*h + h**3 - 8*h + 4*h - h**2 + 2*h**2. What is l(-2)?
-10
Let n(x) = x - 7. Let d be n(6). Let i(q) = 10*q**2 - 1. Give i(d).
9
Let j = 4 + -6. Let r(o) = 3 + 0*o - 6*o - 6. Calculate r(j).
9
Let c be 3/2 + 100/(-40). Let s(t) = -5*t - 1. What is s(c)?
4
Let s(g) = -87 + 87 + 2*g. Give s(-2).
-4
Let j(q) = 8*q - 1. Let k = 3 - 13. Let o = -4 - k. Let m be -2 - -5 - o/3. Calculate j(m).
7
Let l(r) = -r. Let d(j) = 1. Let n(x) = 2*d(x) - 2*l(x). Give n(4).
10
Let u(h) = -h**3 + 4*h**2 + 2*h - 5. Suppose 2*n - 1 = 7. Give u(n).
3
Let r(s) = -2*s + 4. Suppose 0 = -2*n - n - 2*h - 37, 4*h + 11 = n. Let m be 3/2*(-24)/n. Determine r(m).
-4
Suppose -10*c + 8*c = 8. Let t(j) = -4*j + 2*j - 4 - j. What is t(c)?
8
Let d(k) be the second derivative of 1/6*k**3 + 5*k + 1/12*k**4 + 1/2*k**2 + 1/20*k**5 + 0. Calculate d(0).
1
Let o = -2 + 1. Let s be o/(-1) - 4*-1. Let y(b) = 5*b + 4*b**2 + 8 - b**2 - 4*b**2 - 4. What is y(s)?
4
Let q(w) be the second derivative of -w**5/20 + w**3/3 - w**2/2 + w. Suppose 0 = v + 2*l + 2, 0 = -4*v - 4*l. Let p = 0 - v. Give q(p).
3
Suppose -3*h - 19 = 5*v + 9, 1 = -h. Let n(i) = -i**3 - 5*i**2 + 3*i + 6. What is n(v)?
-9
Let s(x) be the third derivative of x**6/360 + 7*x**5/120 + x**4/6 + x**3/2 - 3*x**2. Let u(k) be the first derivative of s(k). Give u(-5).
-6
Let k(w) = -w**2 - 9*w - 8. Let b be k(-7). Let j(g) be the first derivative of -g**3/3 + 5*g**2/2 + 5*g - 1. Determine j(b).
-1
Let n(k) = k**2. Let g(a) = a**3 - a**2 + a - 2. Let d(s) = -s**2 - 1. Let j be d(0). Let t(o) = j*g(o) + 4*n(o). Determine t(5).
-3
Let u = -1 - -3. Suppose u*n + 3 = -5*k + 10, 5*k + 35 = 5*n. Let b be (-2)/(n/(-9)*1). Let s(z) = -z**3 + 4*z**2 - 4*z + 3. Give s(b).
0
Let f(s) = 7*s**3 - 9*s**2 + 3*s. Let r(d) = -11*d**3 + 13*d**2 - 4*d. Let m = 13 - 21. Let c(w) = m*f(w) - 5*r(w). Calculate c(6).
12
Let g be 6/10 - (-4)/10. Let n(f) = -17*f**2 + 2*f - 7. Let v be ((-35)/28)/(2/8). Let i(m) = -9*m**2 + m - 4. Let s(j) = v*i(j) + 3*n(j). What is s(g)?
-6
Let z(q) be the first derivative of 1/3*q**3 - 4 - 1/2*q**2 + 7*q. Let j(s) = s + 1. Let c(i) = -3*j(i) + z(i). What is c(4)?
4
Let f be 1 - (-11 + 3 + 1) - 3. Let u(w) = w**2 - 5*w + 2. Calculate u(f).
2
Let j be 3 + (1*2)/(-2). Let k = 106 - 100. Let t(w) = -3 + j + k*w - 2*w**2 + 4 - w. Determine t(4).
-9
Let f(b) be the third derivative of -b**7/2520 + b**6/144 - b**5/120 + b**4/24 + 2*b**2. Let d(q) be the second derivative of f(q). What is d(5)?
-1
Let v(w) = 7*w**3 - 8*w**2 + 5*w + 4. Let a(l) = -3*l**3 + 4*l**2 - 2*l - 2. Let p(b) = 5*a(b) + 2*v(b). Let q be (-6)/(-8) - 39/(-12). Give p(q).
-2
Let i(u) = u + 11 - 9*u**2 - 4 - 7 + 1. What is i(-1)?
-9
Let o = -9 - -9. Let y(m) = m + 1. Calculate y(o).
1
Let a be 4/6 + 64/12. Let z(p) = 6 - a + 4 + 2*p. Let l(v) = -v. Let c be l(3). What is z(c)?
-2
Suppose 0 = -0*o - 4*o + 4. Let i(y) = 6 + 6 - 3 + 2*y - o. Calculate i(-6).
-4
Let a(c) be the first derivative of -c**4/4 + 2*c**3 - 3*c**2 + 7*c + 3. Calculate a(5).
2
Suppose 0 = -10*u - 15 + 5. Let h(b) = -13*b. Give h(u).
13
Let m(h) be the second derivative of 1/360*h**6 - 1/12*h**4 + 0 + 0*h**2 + 1/120*h**5 + 0*h**3 - 3*h. Let x(g) be the third derivative of m(g). Determine x(3).
7
Let u(p) = 470*p**2 - 468*p**2 + p**3 - 3*p - 2*p**3. What is u(2)?
-6
Let f(k) = 3*k + 27. Let z be f(-9). Let c(n) be the third derivative of 0*n - 1/60*n**5 + n**2 + z - 1/24*n**4 + n**3. Give c(0).
6
Let u(m) = m**2 - 7*m + 8. Let b be u(7). Let i(h) = -b + 2*h - 2*h + h. What is i(6)?
-2
Let m = 88 + -88. Let a(b) = b**2 - b. What is a(m)?
0
Let k(h) = 40*h - 10. Let f(v) = 13*v - 3. Let i(n) = 7*f(n) - 2*k(n). What is i(1)?
10
Let m(k) = 2*k - 8. Suppose 0 = -4*a - 3 - 9, -15 = -2*g + a. Give m(g).
4
Let t be -1 + 2/3*6. Suppose 5*m - t = -q + 3, 5*q - 2 = 3*m. Let y(v) = 2 - v + m - 2. Give y(5).
-4
Let r(k) = k**2 + k - 2. Let w be ((-3)/(-9))/(2/12). Suppose 0 = -n - w*n - 6. Calculate r(n).
0
Let t(n) = -2*n + 5. Let l(y) = -2*y + 6. Let c(z) = -5*l(z) + 4*t(z). Calculate c(8).
6
Suppose 5*a - i = -20, 3*a - 3 = -2*i - 15. Let d be (2/a)/(3/6). Let j be d - 0 - (-1 - 0). Let w(m) = -m. What is w(j)?
0
Let s be 0 + (0 - 1) + 3. Let k(f) = 4*f + s + f**2 + 3 - f - 3. Suppose 4*c + 5*b = -3, -c + 1 = 4*b - 1. Determine k(c).
0
Let n(h) = -h**2 + 2. Let s(f) = 2*f - 2*f**2 + f**2 + 2*f + f + 8. Let w be s(6). Calculate n(w).
-2
Suppose 4*x = -x + 20. Let w be x/10 - (-21)/(-15). Let q(z) = 7*z**2 + z. Give q(w).
6
Let o(a) = 3*a**2 + 4*a + 1. Let x(y) = -y**3 - 2*y**2. Let z be x(-3). Let l(n) = 13*n**2 + 16*n + 5. Let s(k) = z*o(k) - 2*l(k). Calculate s(-6).
11
Let k(n) be the second derivative of -1/6*n**3 - 3*n + 2*n**2 + 0. Suppose 2*a + 5*t - 15 = 0, -9 = -a - 3*a - 3*t. Determine k(a).
4
Let k be 14/4 - (-7)/(-14). Let b be 5/(-2) - k/6. Let a(s) = s**2 + s - 4. Give a(b).
2
Suppose 7*s - 2*s + 3*w - 10 = 0, -w = -5*s + 30. Let q(d) = 3*d + d**2 - 4*d + 4 - 10 + s*d. Give q(-5).
-1
Let k = -2 + 28. Let d be (-2)/(-10) - k/5. Let r(q) = -q**3 - 4*q**2 + 4*q - 6. Give r(d).
-1
Let n(u) = -u**3 + 5*u**2 + 7*u + 1. Suppose -2*a = -5*s + 38, 2*s + s + 4*a - 2 = 0. What is n(s)?
7
Let t(d) = d + 4. Let p(c) = 4 + 8 - 13 - c + c**2. Suppose 0 + 2 = 2*v. Let k(w) = v*t(w) + 3*p(w). Determine k(1).
2
Suppose -5*y - 15 = 5*j, 0*j + j - 3*y = 17. Let b(c) be the second derivative of c**5/20 - c**4/12 + c**3/6 + c**2/2 + 2*c. Determine b(j).
7
Let u be (16/(-10))/((-4)/10). Suppose 0 = -u*g + g - 12. Let q(r) be the third derivative of -r**5/60 - 5*r**4/24 - 5*r**3/6 + r**2. What is q(g)?
-1
Let p(v) = v**2 + 10*v + 5. Let s(t) = -t**3 - 2*t**2 + 15*t - 10. Let b be s(-5). Determine p(b).
5
Let d(l) be the third derivative of -l**6/120 - l**5/60 - l**4/24 + 4*l**3/3 - 6*l**2. Calculate d(0).
8
Let i(h) = h**3 + 2*h**2 - 2*h. Let d be (-7 - -3) + 1 + 0. Let q be ((-14)/4 - d)*6. Give i(q).
-3
Let d(r) = 6*r - 1. Let i be -1*6/(3 - 6). Let g = -3 + i. Calculate d(g).
-7
Let g(b) = 3*b - 1. Suppose 10 = -3*q + 4*o, 0 = -3*q - 3*o - 0 - 3. Let l = q - -4. What is g(l)?
5
Suppose -n - 6 = -23. Let v = n + -11. Let b(i) = -i**2 + i**3 + 0*i**2 + v*i**2 + 3*i + 2. Calculate b(-4).
6
Let i(m) = m**2 - m - 3. Let o(p) be the second derivative of p**4/6 - p**3/6 - 7*p**2/2 - 3*p. Let g(c) = 5*i(c) - 2*o(c). What is g(2)?
-3
Let b(x) be the third derivative of x**5/120 - x**4/24 + x**3 - x**2. Let w(n) be the first derivative of b(n). Suppose 6*v + 20 = v. Calculate w(v).
-5
Suppose 146*l - 40 = 142*l. Let c(j) = -j**2 + 11*j - 3. Give c(l).
7
Let v(j) = j + 14. Let a be v(-11). Let r(y) = 10*y - y**2 + 0 + 4 - a*y. Determine r(7).
4
Suppose n = -0*n - 5*y + 12, 4*n + 5*y = 18. Let p(v) be the third derivative of 1/2*v**3 - 1/12*v**4 + 2*v**2 + 0 + 0*v. What is p(n)?
-1
Let b(n) = -n**2 + n. Suppose 31*q - 36*q = 0. Calculate b(q).
0
Let g = -2 + 4. Suppose -5*t = -4*z - 7, g = -5*z + 3*z + 4*t. Let i(q) = -3*q + 1. Give i(z).
10
Let i(y) = y - 2. Let w = 18 + -18. Calculate i(w).
-2
Let j(n) be the second derivative of -n**4/6 - n**3/6 - n**2/2 - n. Suppose -5*p + 5*f = 25, 4*p + 9 = 2*p + f. Let h be (p/12)/(2/6). What is j(h)?
-2
Let q(a) = -a**3 + 5*a**2 + 6*a. Let p be q(6). Let r(s) = -3*s**2 + 3*s + 5. Let w(g) = -16*g**2 + 16*g + 26. Let l(v) = -11*r(v) + 2*w(v). What is l(p)?
-3
Let x(r) be the second derivative of -r**4/6 + r**3/6 + r**2/2 + 33*r. Determine x(3).
-14
Let b be 3/(-4) + (-15)/(-4). Suppose -b = -2*x + 1. Let j(a) = 0*a**2 - 2*a**2 - x - 1 + 4*a + a**3. What is j(2)?
5
Let h(b) be the first derivative of 2*b**2 - b - 7. Calculate h(-1).
-5
Let x(i) = 2*i**2 + 2*i + 3. Let z = -9 - -12. Give x(z).
27
Let q = 2 + -3. Let j = q + -2. Let n(z) = 2*z + z**2 + 1 + 0 - 4. Calculate n(j).
0
Let t(h) be the third derivative of 0 + 1/120*h**6 + 2*h**2 - 1/20*h**5 - 1/3*h**3 + 0*h - 1/24*h**4. Give t(4).
10
Let h(o) be the second derivative of -o**5/20 - o**4/3 + 2*o**3/3 - o**2 - 2*o